9, -2*t + 6 = -h*w. Determine s(t).
-5
Let c(m) = -m**2 - 2*m + 1. Let d be c(-3). Let j(f) = -30*f + 0 - f**2 + 28*f - f**3 - 2. What is j(d)?
6
Let y(m) = -4*m - 6. Let o(v) = -8*v - 11. Let u(z) = 3*o(z) - 5*y(z). Let w be 80/(-36) + (-2)/(-9). What is u(w)?
5
Let v = -13 + 7. Let x(w) = 7 + 6*w + 4*w**3 - 5*w**3 + 2*w**3 + 7*w**2. Calculate x(v).
7
Suppose 3*x = 3*f + 48, f = -5*x - 8 + 58. Let d = -7 + x. Let c(i) = -i - i**2 + i - 1 - d*i. Determine c(-4).
-1
Let g(q) = -q**2 + 5*q + 8. Let i be g(6). Suppose i*s = -s - 12. Let t(k) = 2*k + 1. What is t(s)?
-7
Let x(n) = -5*n**2 + 2*n + 2. Let i(o) = 6*o**2 - o - 1. Let f(d) = 3*i(d) + 2*x(d). Give f(-1).
8
Let d(z) be the third derivative of z**8/6720 + z**7/504 + z**6/144 + z**4/6 - z**2. Let b(g) be the second derivative of d(g). Determine b(-4).
-4
Let h(v) = 30 + 18*v - 15*v - 27. Give h(-2).
-3
Let c(d) = -6*d**2 - 1. Let q = 10 + -7. Suppose -q*u + 18 = -u - 3*r, 0 = -u - r - 1. Suppose -4*i - 1 = u. What is c(i)?
-7
Suppose 4 = -2*x - 2*z, 20 = -3*x + 2*x + 5*z. Let s(c) = 0*c - c**2 + 0*c + 1 - 6*c. Give s(x).
6
Let j(k) = 2*k - 1. Let m = 7 + -15. Let h = -5 - m. Let l be -1 - (-2 + h) - -3. Give j(l).
1
Let w(v) = 4*v + 14. Let d(o) = -7*o - 29. Let p(b) = -3*d(b) - 5*w(b). Let l be p(-11). Let k(y) = y**2 - 6*y - 2. Calculate k(l).
-2
Let n = 6 + 0. Let z be 1/((-14)/n + 2). Let g(a) = a - 4. Determine g(z).
-7
Let c(u) = u. Let v(w) = -3*w + 3. Let n(m) = -4*c(m) - v(m). Calculate n(-7).
4
Suppose 3*i - 2*l = 4*i - 10, l + 4 = 4*i. Let g(m) = -i*m - 1 + 3*m + 0*m. Give g(6).
5
Let p(c) = -4 - 78*c - 1 + 74*c + 5*c**2 - 4*c**2. Let s = 2 - 2. Suppose 4*m = 3*r + 4, -3*m + 2*r = -s*m - 4. Determine p(m).
-5
Suppose 5*v = 11 + 9. Let t(o) = -7*o**3 + v*o**3 + 3 + o - 5*o**2 - 4 + 4*o**3. Determine t(4).
-13
Let b(c) = -23*c**2 + 11*c + 2. Let n(d) = 11*d**2 - 5*d - 1. Let j(u) = -3*b(u) - 7*n(u). Give j(-1).
-9
Let j(l) = -6*l**2 + 2*l + 1. Let h be -1 + (-1*2)/2. Suppose 4*z = -n - 10, -z - 4*n + 0*n + 5 = 0. Let r = z - h. Determine j(r).
-7
Let x(c) be the first derivative of c + 2/3*c**3 - 2 + 1/4*c**4 - 1/20*c**5 + 3/2*c**2. Let w(j) be the first derivative of x(j). What is w(4)?
3
Let h be ((-4)/5)/(4/(-20)). Let q(i) = 1 - 2*i + 4*i + i. Determine q(h).
13
Suppose -2*h + 0*h = -6. Let l(c) = c**3 - 1 + c + c + 4*c**2 - 4*c**h + 4*c**3. Let r be -1 - -2 - 3/1. Calculate l(r).
3
Let t = -11 - -13. Let m(p) = 4*p**2 - p - 2. Determine m(t).
12
Let w = -18 - -22. Let a(m) = -m + 1. Let n(k) = -5*k + 5. Let v(i) = w*n(i) - 18*a(i). Give v(4).
-6
Suppose 0 = -4*r + 5*r - 2. Let o be (-1)/r + (-6)/(-4). Let y(j) = 6*j**3 + j**2 - 2*j + 1. Calculate y(o).
6
Suppose -5*d + 5*r = -35, 0 = -d + 3*r - 1 + 16. Let i be (21/(-12))/(d/(-12)). Let w be 14/i + (-2)/(-2). Let n(q) = -q**3 + 5*q**2 - 5*q + 3. What is n(w)?
6
Let t(l) = l**2 - l + 6. Suppose -k + 4*c - 2*c + 2 = 0, 4*k + 4 = -4*c. What is t(k)?
6
Let j = 18 + -6. Suppose -j = -4*l - 0*l. Let n(s) = s - 4. Calculate n(l).
-1
Let s(u) = u**2. Let h be 51/(-15) - 4/(-10). Suppose -3*k = -z - k + 2, 4 = 2*z - 2*k. Let q be z*(-15)/(-6) + h. Calculate s(q).
4
Let r(s) = -s**2 - 6*s - 2. Let z(q) = q**2 - 9*q - 14. Let d be z(10). Determine r(d).
6
Let y(j) = j**3 - j**2 - 5*j + 4. Let l = 39 + -24. Let x be (6/(-10))/((-3)/l). Determine y(x).
7
Let q(r) = r**3 - 9*r**2 + 8*r + 7. Let s be 2 + 1 + -8 + 13. What is q(s)?
7
Let x(w) = 4*w**3 + 9*w**2 - 2*w - 6. Let b(y) = 3*y**3 + 6*y**2 - y - 4. Let o(z) = 7*b(z) - 5*x(z). Calculate o(3).
11
Let i = 11 - 8. Let g(b) = -3*b**3 - 11*b**2 - 5*b - 6. Let o(u) = -3*u - 17*u**2 - 4*u**3 - 5*u - u**3 - 9. Let q(x) = 8*g(x) - 5*o(x). Determine q(i).
-3
Let b(n) = -n**2 + 4*n + 1. Let f be 42/54 + 6/27. Suppose 4 = k + f. Give b(k).
4
Let o be 12 + 3 + (2 - 3). Let w = o - 11. Let l(r) = r + 2. Determine l(w).
5
Let v(x) be the first derivative of -x**4/4 + 2*x**3/3 - x**2/2 - 2*x - 10. Calculate v(3).
-14
Let b(g) be the second derivative of -1/2*g**3 - 1/20*g**5 - 5/12*g**4 + 0 + 2*g - g**2. What is b(-4)?
-6
Suppose 0*w + 2*w = -2*x + 6, -5*x - 4*w + 14 = 0. Let r(l) = -3*l + 3*l - 4*l - 3 + 8*l**2 - 7*l**x. What is r(4)?
-3
Let d(k) = -3*k**3 + 3*k**2 + 8*k - 6. Let b(v) = -4*v**3 + 2*v**2 + 9*v - 6. Let s(o) = -4*b(o) + 5*d(o). Let a be (2 + -1)/(1/(-6)). Calculate s(a).
6
Let u(p) = -p - 1. Let g(q) = -3*q**2 - 7*q - 13. Let v(d) = 4 + 7*d**2 - 3 - 6*d**2. Let x(l) = -g(l) - 5*v(l). Let c(h) = -6*u(h) - x(h). Calculate c(2).
4
Let q(x) = -x**2 + 12*x - 10. Let g be q(11). Let k be (-3 - -6)/(1/g). Let a = 4 - k. Let p(n) = 6*n**2. Determine p(a).
6
Suppose 0 = -6*t + 31 - 7. Let k(j) = j**2 - 4*j - 5. Give k(t).
-5
Let x(i) = -i. Let q = 10 - 8. Determine x(q).
-2
Suppose z + 2*z = -18. Let s(w) = w**3 + 6*w**2 - 7. Let c(u) = 1. Let d(g) = c(g) + s(g). What is d(z)?
-6
Let j(i) = 6*i**2 - 6*i - 11. Let g(l) = l**2 - l - 2. Let c(x) = 11*g(x) - 2*j(x). Let u = -8 - -10. Calculate c(u).
-2
Let y(s) be the second derivative of s**5/20 + s**4/2 + 7*s**3/6 + 7*s**2/2 - 6*s. Let o be y(-5). Let r(l) = -3*l - 4. What is r(o)?
5
Let u(m) be the third derivative of -m**8/6720 + m**6/360 - m**4/4 - 2*m**2. Let l(t) be the second derivative of u(t). What is l(-2)?
4
Let s(f) be the first derivative of f**4/4 - f**3 - 5*f**2/2 + 3*f - 2. Determine s(4).
-1
Suppose -5 = 4*g + 7, 25 = -4*s + g. Let f(r) = r**3 + 7*r**2 + 2*r - 2. What is f(s)?
-16
Let g(r) = r**2 + 7*r. Let t be g(-6). Let u(v) be the second derivative of 0 - 1/6*v**3 + 1/2*v**2 + v. What is u(t)?
7
Let k be (-3 - -4)/((1 - 2) + 0). Let c(n) = -7*n**2 + n + 1. Determine c(k).
-7
Suppose 6 + 9 = 3*i. Let u(b) = b**2 - 4*b + 7. What is u(i)?
12
Let t(b) = -b**3 + 8*b**2 - 2. Suppose 12 = u - 4*r, 0 = u - 2*u - 5*r + 3. Determine t(u).
-2
Let m(k) = k**3 - 10*k**2 + 8*k + 6. Let g = -55 - -64. Calculate m(g).
-3
Let i(t) = -t**3 + 4*t**2 + t + 2. Let y be i(4). Suppose -y = -2*z + 2. Let b(k) be the second derivative of -k**3/6 + 7*k**2/2 - k. What is b(z)?
3
Let v be (-55)/15 - 2/6. Let f = v + 6. Suppose 4 = -k + o, 4 = 2*k - 4*k - f*o. Let r(j) = -j**2 - 3*j. Calculate r(k).
0
Let x(b) be the first derivative of -9 - 2*b + 2/3*b**3 + 1/4*b**4 - 1/2*b**2. Calculate x(-3).
-8
Let h(g) = g + 13. Let w be (-16)/5 - (-1)/5. Let z(v) = v + 7. Let m(t) = w*h(t) + 5*z(t). Give m(4).
4
Let b(c) = -c**3 + 2*c**2 + 3*c + 3. Let g be (-25)/8*2*-4. Let v be 5/2*30/g. Determine b(v).
3
Let g(s) = -s**3 - s**2 + 2*s. Suppose 0 = w + w - 12. Suppose w = -3*f, -5*q - f + 5*f - 2 = 0. What is g(q)?
0
Let p(c) be the second derivative of c**6/360 - c**5/120 - c**4/24 - c**3/6 + c. Let j(w) be the second derivative of p(w). Let t = -3 + 1. What is j(t)?
5
Let w(r) = -11*r**3 - r**2 - r. Let v be w(-1). Let p(m) = -3*m + 10*m**3 + 3 + 5*m**2 - 7 - v*m**3. Suppose 2*f - 2 = 4. Calculate p(f).
5
Let a(q) be the first derivative of -q**4/4 - 5*q**3/3 - 3*q**2/2 - 3*q + 1. Determine a(-4).
-7
Let k(x) be the first derivative of -x**2 + x + 2. What is k(-7)?
15
Let o(p) = p**3 - 2*p**2 - 2*p - 2. Suppose 3*i = 2 + 13. Suppose u + 4 = 3*q, -5*q = -2*q - i*u + 16. What is o(q)?
1
Let y be (-10)/10 - (4 - 0). Let h(q) = -q**2 - 4*q + 1. Give h(y).
-4
Let w(n) = -n**3 - 3*n**2 - 3*n - 3. Let x be (-2)/(-5) - (-1 + (-88)/(-20)). Calculate w(x).
6
Let s be (-3)/(2 + (-28)/8). Let t(f) = 5 - 5*f**s + 0 + f**3 + 1 - 6*f. Determine t(6).
6
Suppose 3*k - 21 = -0*k. Suppose -3*c + f = 2 - k, 4*c + f - 16 = 0. Let x(g) = g**3 - 2*g**2 + 1. Calculate x(c).
10
Let z(c) = c**2 - c. Let v(a) = 2*a**3 + 17*a**2 - 9*a + 1. Let y be v(-9). Determine z(y).
0
Let k(u) = -3*u - 2*u**2 + 2*u**2 - u**2 - 3*u. Determine k(-8).
-16
Let q be ((-6)/4)/(2/4). Let c be 6/q - (-5)/1. Let n(o) = 3*o + 1. What is n(c)?
10
Let i(r) = -r**2 - 4*r + 7. Suppose f = -5*u + 5*f - 34, 3*u + 2*f = -16. Determine i(u).
-5
Let a(p) = -2*p**2 + 14*p + 2 - 11*p - 4 - p**3. Determine a(-4).
18
Let w(y) = -y**3 - 2*y**2 + 3*y - 3. Suppose -7*k = -2*k + 15. Give w(k).
-3
Let b = 4 + 18. Suppose 0 = 2*i + 5*h - 10 - 24, 2*i = -2*h + b. Let q(d) = 7*d**3 - 1. Let a(j) = -21*j**3 - j + 3. Let u(t) = i*q(t) + 2*a(t). Give u(-1).
-6
Let g(w) be the first derivative of w**3/3 + 4*w**2 + 7*w + 2. Suppose